{"id":63,"date":"2020-01-09T11:01:30","date_gmt":"2020-01-09T10:01:30","guid":{"rendered":"https:\/\/jubil\u00e4um.internet-sicherheit.de\/?page_id=63"},"modified":"2020-01-09T11:07:31","modified_gmt":"2020-01-09T10:07:31","slug":"impressum","status":"publish","type":"page","link":"https:\/\/jubil\u00e4um.internet-sicherheit.de\/?page_id=63","title":{"rendered":"Impressum"},"content":{"rendered":"\t\t<div data-elementor-type=\"wp-page\" data-elementor-id=\"63\" class=\"elementor elementor-63\">\n\t\t\t\t\t\t<section class=\"elementor-section elementor-top-section elementor-element elementor-element-a8ba951 elementor-section-boxed elementor-section-height-default elementor-section-height-default\" data-id=\"a8ba951\" data-element_type=\"section\">\n\t\t\t\t\t\t<div class=\"elementor-container elementor-column-gap-default\">\n\t\t\t\t\t<div class=\"elementor-column elementor-col-100 elementor-top-column elementor-element elementor-element-7d09ce7\" data-id=\"7d09ce7\" data-element_type=\"column\">\n\t\t\t<div class=\"elementor-widget-wrap elementor-element-populated\">\n\t\t\t\t\t\t<div class=\"elementor-element elementor-element-3f8c298 elementor-widget elementor-widget-image\" data-id=\"3f8c298\" data-element_type=\"widget\" data-widget_type=\"image.default\">\n\t\t\t\t<div class=\"elementor-widget-container\">\n\t\t\t\t\t\t\t\t\t\t\t\t\t\t\t<img decoding=\"async\" src=\"https:\/\/jubil\u00e4um.internet-sicherheit.de\/wp-content\/uploads\/elementor\/thumbs\/ifis-logo-1-ojer87e1xihyr6hlhz6q0ejbja14d5uaj3b2y807a4.png\" title=\"ifis-logo\" alt=\"ifis-logo\" loading=\"lazy\" \/>\t\t\t\t\t\t\t\t\t\t\t\t\t\t\t<\/div>\n\t\t\t\t<\/div>\n\t\t\t\t\t<\/div>\n\t\t<\/div>\n\t\t\t\t\t<\/div>\n\t\t<\/section>\n\t\t\t\t<section class=\"elementor-section elementor-top-section elementor-element elementor-element-efdeeb5 elementor-section-boxed elementor-section-height-default elementor-section-height-default\" data-id=\"efdeeb5\" data-element_type=\"section\">\n\t\t\t\t\t\t<div class=\"elementor-container elementor-column-gap-default\">\n\t\t\t\t\t<div class=\"elementor-column elementor-col-100 elementor-top-column elementor-element elementor-element-57a0a87\" data-id=\"57a0a87\" data-element_type=\"column\">\n\t\t\t<div class=\"elementor-widget-wrap elementor-element-populated\">\n\t\t\t\t\t\t<div class=\"elementor-element elementor-element-a9b110f elementor-widget elementor-widget-spacer\" data-id=\"a9b110f\" data-element_type=\"widget\" data-widget_type=\"spacer.default\">\n\t\t\t\t<div class=\"elementor-widget-container\">\n\t\t\t\t\t\t\t<div class=\"elementor-spacer\">\n\t\t\t<div class=\"elementor-spacer-inner\"><\/div>\n\t\t<\/div>\n\t\t\t\t\t\t<\/div>\n\t\t\t\t<\/div>\n\t\t\t\t<div class=\"elementor-element elementor-element-8bf571f elementor-widget elementor-widget-text-editor\" data-id=\"8bf571f\" data-element_type=\"widget\" data-widget_type=\"text-editor.default\">\n\t\t\t\t<div class=\"elementor-widget-container\">\n\t\t\t\t\t\t\t\t\t<p><b>Institut f\u00fcr Internet-Sicherheit &#8211; if(is)<\/b><br \/>Westf\u00e4lische Hochschule<br \/>Neidenburger Stra\u00dfe 43<br \/>D-45877 Gelsenkirchen<\/p><p>Tel.: +49 (0)209-9596-515<br \/>E-Mail: <a href=\"mailto:pohlmann@internet-sicherheit.de\">pohlmann(at)internet-sicherheit.de<\/a><br \/>Web: <a href=\"http:\/\/www.internet-sicherheit.de\/\" target=\"_blank\" rel=\"noopener noreferrer\">www.internet-sicherheit.de<\/a><\/p><p>Inhaltlich Verantwortlicher<br \/>gem\u00e4\u00df 10 Absatz 3 MDStV:<br \/>Prof.Dr.(TU NN) Nobert Pohlmann<\/p><p><!-- Design und technische Realisation: B.Sc. Sebastian Wacowski --><\/p><p><b>Haftungsbeschr\u00e4nkung<\/b><br \/>Diese Website wurde mit gr\u00f6\u00dftm\u00f6glicher Sorgfalt zusammengestellt. Trotzdem k\u00f6nnen wir f\u00fcr die Fehlerfreiheit und Genauigkeit der enthaltenen. Informationen nicht garantieren. Wir schlie\u00dfen jegliche Haftung f\u00fcr Sch\u00e4den, die direkt oder indirekt aus der Benutzung dieser Website entstehen, aus.<\/p><p><b>Verweise und Links<\/b><br \/>Wir erkl\u00e4ren hiermit ausdr\u00fccklich, dass zum Zeitpunkt der Linksetzung keine illegalen Inhalte auf den zu verlinkenden Seiten erkennbar waren. Auf die aktuelle und zuk\u00fcnftige Gestaltung, die Inhalte oder die Urheberschaft der gelinkten\/verkn\u00fcpften Seiten haben wir keinerlei Einfluss.<\/p><p>Deshalb distanzieren wir uns hiermit ausdr\u00fccklich von allen Inhalten aller gelinkten\/verkn\u00fcpften Seiten, die nach der Linksetzung ver\u00e4ndert wurden. Diese Feststellung gilt f\u00fcr alle innerhalb des eigenen Internetangebotes gesetzten Links und Verweise sowie f\u00fcr Fremdeintr\u00e4ge in von uns eingerichteten G\u00e4steb\u00fcchern, Diskussionsforen und Mailinglisten. F\u00fcr illegale, fehlerhaft oder unvollst\u00e4ndige Inhalte und insbesondere f\u00fcr Sch\u00e4den, die aus der Nutzung oder Nichtnutzung solcherart dargebotener Informationen entstehen, haftet allein der Anbieter der Seite, auf welche verwiese wurde, nicht derjenige, der \u00fcber Links auf die jeweilige Ver\u00f6ffentlichung lediglich verweist.<\/p><p><b>Copyright<\/b><br \/>\u00a9 Copyright 2019-2020 internet-sicherheit.de<br \/>Alle Rechte vorbehalten. Dieses Angebot einschlie\u00dflich aller seiner Teile wie Daten und Bilder ist urheberrechtlich gesch\u00fctzt. Jede Verwendung au\u00dferhalb der engen Grenzen des Urheberrechtsgesetzes ist ohne Zustimmung unzul\u00e4ssig und strafbar. Dies gilt insbesondere f\u00fcr Vervielf\u00e4ltigungen, \u00dcbersetzungen, Mikroverfilmungen und die Verarbeitung oder Weiterverarbeitung in elektronischen Systemen.<\/p>\t\t\t\t\t\t\t\t<\/div>\n\t\t\t\t<\/div>\n\t\t\t\t\t<\/div>\n\t\t<\/div>\n\t\t\t\t\t<\/div>\n\t\t<\/section>\n\t\t\t\t<\/div>\n\t\t","protected":false},"excerpt":{"rendered":"<p>Institut f\u00fcr Internet-Sicherheit &#8211; if(is)Westf\u00e4lische HochschuleNeidenburger Stra\u00dfe 43D-45877 Gelsenkirchen Tel.: +49 (0)209-9596-515E-Mail: pohlmann(at)internet-sicherheit.deWeb: www.internet-sicherheit.de Inhaltlich Verantwortlichergem\u00e4\u00df 10 Absatz 3 MDStV:Prof.Dr.(TU NN) Nobert Pohlmann Haftungsbeschr\u00e4nkungDiese Website wurde mit gr\u00f6\u00dftm\u00f6glicher Sorgfalt zusammengestellt. Trotzdem k\u00f6nnen wir f\u00fcr die Fehlerfreiheit und Genauigkeit der enthaltenen. Informationen nicht garantieren. Wir schlie\u00dfen jegliche Haftung f\u00fcr Sch\u00e4den, die direkt oder indirekt aus der<a href=\"https:\/\/jubil\u00e4um.internet-sicherheit.de\/?page_id=63\" class=\"readmore\">Read More&#8230;<\/a><\/p>\n","protected":false},"author":1,"featured_media":0,"parent":0,"menu_order":0,"comment_status":"closed","ping_status":"closed","template":"","meta":{"_eb_attr":"","footnotes":""},"class_list":["post-63","page","type-page","status-publish","hentry"],"yoast_head":"<!-- This site is optimized with the Yoast SEO plugin v24.6 - https:\/\/yoast.com\/wordpress\/plugins\/seo\/ -->\n<title>Impressum -<\/title>\n<meta name=\"robots\" content=\"index, follow, max-snippet:-1, max-image-preview:large, max-video-preview:-1\" \/>\n<link rel=\"canonical\" href=\"https:\/\/jubil\u00e4um.internet-sicherheit.de\/?page_id=63\" \/>\n<meta property=\"og:locale\" content=\"en_US\" \/>\n<meta property=\"og:type\" content=\"article\" \/>\n<meta property=\"og:title\" content=\"Impressum -\" \/>\n<meta property=\"og:description\" content=\"Institut f\u00fcr Internet-Sicherheit &#8211; if(is)Westf\u00e4lische HochschuleNeidenburger Stra\u00dfe 43D-45877 Gelsenkirchen Tel.: +49 (0)209-9596-515E-Mail: pohlmann(at)internet-sicherheit.deWeb: www.internet-sicherheit.de Inhaltlich Verantwortlichergem\u00e4\u00df 10 Absatz 3 MDStV:Prof.Dr.(TU NN) Nobert Pohlmann Haftungsbeschr\u00e4nkungDiese Website wurde mit gr\u00f6\u00dftm\u00f6glicher Sorgfalt zusammengestellt. Trotzdem k\u00f6nnen wir f\u00fcr die Fehlerfreiheit und Genauigkeit der enthaltenen. Informationen nicht garantieren. Wir schlie\u00dfen jegliche Haftung f\u00fcr Sch\u00e4den, die direkt oder indirekt aus derRead More...\" \/>\n<meta property=\"og:url\" content=\"https:\/\/jubil\u00e4um.internet-sicherheit.de\/?page_id=63\" \/>\n<meta property=\"article:modified_time\" content=\"2020-01-09T10:07:31+00:00\" \/>\n<meta name=\"twitter:card\" content=\"summary_large_image\" \/>\n<meta name=\"twitter:label1\" content=\"Est. reading time\" \/>\n\t<meta name=\"twitter:data1\" content=\"1 minute\" \/>\n<script type=\"application\/ld+json\" class=\"yoast-schema-graph\">{\"@context\":\"https:\/\/schema.org\",\"@graph\":[{\"@type\":\"WebPage\",\"@id\":\"https:\/\/jubil\u00e4um.internet-sicherheit.de\/?page_id=63\",\"url\":\"https:\/\/jubil\u00e4um.internet-sicherheit.de\/?page_id=63\",\"name\":\"Impressum -\",\"isPartOf\":{\"@id\":\"https:\/\/jubil\u00e4um.internet-sicherheit.de\/#website\"},\"datePublished\":\"2020-01-09T10:01:30+00:00\",\"dateModified\":\"2020-01-09T10:07:31+00:00\",\"breadcrumb\":{\"@id\":\"https:\/\/jubil\u00e4um.internet-sicherheit.de\/?page_id=63#breadcrumb\"},\"inLanguage\":\"en-US\",\"potentialAction\":[{\"@type\":\"ReadAction\",\"target\":[\"https:\/\/jubil\u00e4um.internet-sicherheit.de\/?page_id=63\"]}]},{\"@type\":\"BreadcrumbList\",\"@id\":\"https:\/\/jubil\u00e4um.internet-sicherheit.de\/?page_id=63#breadcrumb\",\"itemListElement\":[{\"@type\":\"ListItem\",\"position\":1,\"name\":\"Home\",\"item\":\"https:\/\/jubil\u00e4um.internet-sicherheit.de\/\"},{\"@type\":\"ListItem\",\"position\":2,\"name\":\"Impressum\"}]},{\"@type\":\"WebSite\",\"@id\":\"https:\/\/jubil\u00e4um.internet-sicherheit.de\/#website\",\"url\":\"https:\/\/jubil\u00e4um.internet-sicherheit.de\/\",\"name\":\"\",\"description\":\"\",\"potentialAction\":[{\"@type\":\"SearchAction\",\"target\":{\"@type\":\"EntryPoint\",\"urlTemplate\":\"https:\/\/jubil\u00e4um.internet-sicherheit.de\/?s={search_term_string}\"},\"query-input\":{\"@type\":\"PropertyValueSpecification\",\"valueRequired\":true,\"valueName\":\"search_term_string\"}}],\"inLanguage\":\"en-US\"}]}<\/script>\n<!-- \/ Yoast SEO plugin. -->","yoast_head_json":{"title":"Impressum -","robots":{"index":"index","follow":"follow","max-snippet":"max-snippet:-1","max-image-preview":"max-image-preview:large","max-video-preview":"max-video-preview:-1"},"canonical":"https:\/\/jubil\u00e4um.internet-sicherheit.de\/?page_id=63","og_locale":"en_US","og_type":"article","og_title":"Impressum -","og_description":"Institut f\u00fcr Internet-Sicherheit &#8211; if(is)Westf\u00e4lische HochschuleNeidenburger Stra\u00dfe 43D-45877 Gelsenkirchen Tel.: +49 (0)209-9596-515E-Mail: pohlmann(at)internet-sicherheit.deWeb: www.internet-sicherheit.de Inhaltlich Verantwortlichergem\u00e4\u00df 10 Absatz 3 MDStV:Prof.Dr.(TU NN) Nobert Pohlmann Haftungsbeschr\u00e4nkungDiese Website wurde mit gr\u00f6\u00dftm\u00f6glicher Sorgfalt zusammengestellt. Trotzdem k\u00f6nnen wir f\u00fcr die Fehlerfreiheit und Genauigkeit der enthaltenen. Informationen nicht garantieren. Wir schlie\u00dfen jegliche Haftung f\u00fcr Sch\u00e4den, die direkt oder indirekt aus derRead More...","og_url":"https:\/\/jubil\u00e4um.internet-sicherheit.de\/?page_id=63","article_modified_time":"2020-01-09T10:07:31+00:00","twitter_card":"summary_large_image","twitter_misc":{"Est. reading time":"1 minute"},"schema":{"@context":"https:\/\/schema.org","@graph":[{"@type":"WebPage","@id":"https:\/\/jubil\u00e4um.internet-sicherheit.de\/?page_id=63","url":"https:\/\/jubil\u00e4um.internet-sicherheit.de\/?page_id=63","name":"Impressum -","isPartOf":{"@id":"https:\/\/jubil\u00e4um.internet-sicherheit.de\/#website"},"datePublished":"2020-01-09T10:01:30+00:00","dateModified":"2020-01-09T10:07:31+00:00","breadcrumb":{"@id":"https:\/\/jubil\u00e4um.internet-sicherheit.de\/?page_id=63#breadcrumb"},"inLanguage":"en-US","potentialAction":[{"@type":"ReadAction","target":["https:\/\/jubil\u00e4um.internet-sicherheit.de\/?page_id=63"]}]},{"@type":"BreadcrumbList","@id":"https:\/\/jubil\u00e4um.internet-sicherheit.de\/?page_id=63#breadcrumb","itemListElement":[{"@type":"ListItem","position":1,"name":"Home","item":"https:\/\/jubil\u00e4um.internet-sicherheit.de\/"},{"@type":"ListItem","position":2,"name":"Impressum"}]},{"@type":"WebSite","@id":"https:\/\/jubil\u00e4um.internet-sicherheit.de\/#website","url":"https:\/\/jubil\u00e4um.internet-sicherheit.de\/","name":"","description":"","potentialAction":[{"@type":"SearchAction","target":{"@type":"EntryPoint","urlTemplate":"https:\/\/jubil\u00e4um.internet-sicherheit.de\/?s={search_term_string}"},"query-input":{"@type":"PropertyValueSpecification","valueRequired":true,"valueName":"search_term_string"}}],"inLanguage":"en-US"}]}},"_links":{"self":[{"href":"https:\/\/jubil\u00e4um.internet-sicherheit.de\/index.php?rest_route=\/wp\/v2\/pages\/63","targetHints":{"allow":["GET"]}}],"collection":[{"href":"https:\/\/jubil\u00e4um.internet-sicherheit.de\/index.php?rest_route=\/wp\/v2\/pages"}],"about":[{"href":"https:\/\/jubil\u00e4um.internet-sicherheit.de\/index.php?rest_route=\/wp\/v2\/types\/page"}],"author":[{"embeddable":true,"href":"https:\/\/jubil\u00e4um.internet-sicherheit.de\/index.php?rest_route=\/wp\/v2\/users\/1"}],"replies":[{"embeddable":true,"href":"https:\/\/jubil\u00e4um.internet-sicherheit.de\/index.php?rest_route=%2Fwp%2Fv2%2Fcomments&post=63"}],"version-history":[{"count":5,"href":"https:\/\/jubil\u00e4um.internet-sicherheit.de\/index.php?rest_route=\/wp\/v2\/pages\/63\/revisions"}],"predecessor-version":[{"id":87,"href":"https:\/\/jubil\u00e4um.internet-sicherheit.de\/index.php?rest_route=\/wp\/v2\/pages\/63\/revisions\/87"}],"wp:attachment":[{"href":"https:\/\/jubil\u00e4um.internet-sicherheit.de\/index.php?rest_route=%2Fwp%2Fv2%2Fmedia&parent=63"}],"curies":[{"name":"wp","href":"https:\/\/api.w.org\/{rel}","templated":true}]}}